f - 7*f, -5*f = 5*r + 330. Let g = 126 + f. What is the highest common divisor of 48 and g?
16
Let t = 82 + -127. Let k be (-999)/t - 1/5. Calculate the highest common factor of k and 77.
11
Suppose 0*b + 5*b = -5*j + 25, 5 = -j + 4*b. Suppose 0 = -7*f + 2*f + 2*i + 728, -j*f + 436 = -i. What is the greatest common factor of f and 48?
48
Let q = -17767 - -25655. Calculate the highest common divisor of q and 272.
272
Let a(g) = g - 14. Let h(r) = -r + 7. Let v be h(9). Let q be (-4 + -11)*v/2. Let w be a(q). Calculate the highest common divisor of w and 2.
1
Let k be ((-15)/(-7))/(2/14). Let h be (-1)/(1 + 132/(-130)). Let b be -1 + 0 + (-1 - (3 - h)). What is the highest common divisor of k and b?
15
Let c be 69/((-1449)/(-1540))*(-1)/((-5)/6). What is the highest common divisor of 4906 and c?
22
Let t(g) = -3*g + 22. Let s be t(9). Let o be (6/s)/(11/(-1540)). What is the highest common divisor of o and 21?
21
Suppose 5*n + 125 - 500 = 0. Let g = -69 + n. Let s be (g/9)/((-6)/9) - -5. What is the highest common divisor of 8 and s?
4
Let w(m) = -2*m**2 - 36*m + 36. Let l be w(-12). Let g = -49 + 169. What is the greatest common divisor of g and l?
60
Let f(m) = m**3 - 7*m**2 + 13*m - 10. Let x be f(5). Let j be (1 - (-22 + x))*1. Let h be (-2)/6 + (-66)/j*-23. Calculate the highest common factor of 12 and h.
12
Suppose -63*c - 60*c = -116*c - 1890. Calculate the greatest common divisor of c and 3390.
30
Suppose 0 = -4*x + 386 + 62. Let d be 1/(226/x - 2). Let g(a) = 13*a**2 - 143*a + 8. Let w be g(11). What is the greatest common factor of w and d?
8
Let r = -75 + 240. Suppose j - r = -4*j. Let c = j + -32. What is the greatest common factor of 5 and c?
1
Let b(l) = 5*l**3 - 9*l**2 + l + 6. Let m be b(6). Let j be 5074/215 + 2/5. What is the greatest common divisor of m and j?
24
Let p(x) = 1034*x - 1035*x + 8 + 7 + 1. Let w be p(-12). Let s(r) = -29*r - 9. Let v be s(-9). Calculate the greatest common divisor of w and v.
28
Let m(v) = -4*v - 41. Let r be m(-12). Let c = r - 3. What is the greatest common factor of 18 and c?
2
Let s(j) = -25*j - 44. Let v be s(-13). Let a = v + -186. Let u = 371 - a. Calculate the greatest common factor of u and 12.
12
Let m(y) = -384*y - 574. Let d be m(-6). What is the greatest common divisor of d and 10?
10
Let q be (980*((-65)/(-10) + -3) - -5) + -8. Calculate the greatest common factor of q and 23.
23
Let t be ((-506)/(-1))/(178/267). What is the highest common factor of t and 561?
33
Let f = 126 + -105. Let d = 54 - 54. Suppose -4*m + 18 = -2*m - h, 3*m + 5*h - 1 = d. Calculate the greatest common divisor of m and f.
7
Let f = -13834 + 13925. What is the greatest common factor of f and 24479?
91
Let z(m) = -58*m**2 + 1564*m + 62. Let i be z(27). Let r = -2 + 66. What is the highest common factor of r and i?
8
Let t = -145 - -147. Suppose 3*w - 465 = t*w + 2*h, 2*h + 1375 = 3*w. What is the greatest common factor of 35 and w?
35
Suppose 229*l - 281*l = -591*l + 4437048. What is the highest common factor of l and 48?
24
Suppose -5*z + 5*m - 5308 = -15958, 7*m = -2*z + 4305. What is the highest common divisor of 61 and z?
61
Let t(f) = -2*f - 7. Let d be t(-6). Let s = -5998 - -6108. What is the greatest common factor of d and s?
5
Let f = -2529 - -3449. What is the greatest common factor of 345 and f?
115
Let o = 925 + -140. Let l = o + -740. Suppose 5*w = -c + 10, 4*c = 2*w + 2*w + 64. What is the greatest common divisor of c and l?
15
Suppose -3 - 9 = -3*n + 3*j, n = 3*j - 2. Suppose 7*x - 367 = -1137. Let l be (n/((-175)/(-30)))/((-3)/x). What is the highest common factor of 4 and l?
4
Let c = -201 + 1149. What is the greatest common factor of c and 48?
12
Let c = 9179 - 2734. What is the highest common factor of c and 5?
5
Let l = -323 - -318. Let w be 230/15*(1 - l). Calculate the greatest common divisor of 12 and w.
4
Let t(f) = -f**2 - 20*f. Let b be t(-6). Let a be -6 + -21*b/(-9). Calculate the highest common factor of a and 57.
19
Let a be 33/27 - (-4)/(-18). Let r = -407 + 408. Let z(o) = 5*o**2 + o - 1. Let f be z(r). Calculate the highest common divisor of f and a.
1
Suppose -13 = -r + 6. Let h = 12 - r. Let p be h/((-21)/(-5))*-21. Calculate the highest common factor of p and 7.
7
Suppose 4*t = 2*p - 1106, -p = 32*t - 37*t - 544. What is the highest common factor of p and 817?
43
Suppose -4*k + 361 = 3*f, -5*k + 14*f + 453 = 16*f. Let d be (-2386)/(-6) + k/39. Calculate the highest common factor of d and 16.
16
Let q(l) = 12*l**2 + 2*l - 9. Let p be q(-11). Let z = -9 - -58. Calculate the highest common factor of p and z.
49
Let v be (7 - 4) + (4 - 156/(-2)). Let a = -180 + 248. What is the greatest common divisor of a and v?
17
Let h be -1 - ((-5)/5 - -5) - 68664/(-24). Calculate the greatest common factor of h and 1176.
168
Let u be 60/7 - (-44)/(-77) - -18. Calculate the greatest common factor of u and 4420.
26
Suppose 0 = -8*t - 1 + 33. Suppose -3*o = -t*v + 103 - 11, 90 = 3*v + 3*o. What is the highest common divisor of v and 156?
26
Let c be (131 - -1)/(56/12 - 4). Suppose 0 = 253*i - 256*i + c. What is the highest common divisor of i and 231?
33
Let x(n) = 33*n + 851. Let f be x(38). Calculate the highest common factor of f and 35.
5
Let i(y) = 2*y**2 - 2*y + 4. Let s be i(3). Let l be (2 + -22 - -10) + 22. What is the greatest common factor of l and s?
4
Let k be 517/3*(-45)/105*-7. Calculate the greatest common factor of 11 and k.
11
Suppose -340 = -13*n + 6056. Let y = -440 + n. Calculate the highest common factor of y and 13.
13
Let j(n) = -2*n - 1. Suppose -31 + 51 = -4*w. Let m be j(w). Let k be (-15)/2*(2 + -8). What is the greatest common divisor of k and m?
9
Let n(g) = g**3 - 9*g**2 - 176*g + 22. Let y be n(19). Calculate the greatest common factor of y and 2784.
96
Let o be (-28)/49*(-63)/6. Suppose 0 = -0*u + o*u - 750. What is the greatest common factor of u and 50?
25
Let c = 119 - 1. Suppose -2*v + 5*v = -2*k - c, -12 = -3*k. Let o = 65 + v. What is the highest common factor of 92 and o?
23
Suppose -29 + 5 = -2*v. Let s = 20 - v. Suppose -128 = -10*n - s. What is the highest common divisor of 96 and n?
12
Suppose -3*g + 1541 = 4*n, 2042 = -3*g + 7*g - n. Let k = 242 + g. Suppose 10*i = 1487 + k. What is the greatest common divisor of 28 and i?
28
Let a = -22258 + 25005. What is the highest common factor of a and 164?
41
Suppose 681*h = 659*h + 792. Let x(i) = -i**3 - 7*i**2 - 8*i + 3. Let k be x(-6). What is the greatest common factor of h and k?
3
Suppose 18*f = 9*f - 45. Let t be -1 + (f + 4)*-6. Calculate the highest common divisor of t and 5.
5
Suppose -13538*x + 13555*x = 4148. What is the highest common factor of x and 8?
4
Suppose -7*x = 33 - 131. Suppose -x*b + 291 = -353. Let n = b - 36. What is the highest common divisor of n and 50?
10
Let u be (10/(-4))/(3/(-30)). Let c = -9 - -109. Let f = 105 - c. Calculate the highest common factor of u and f.
5
Let q = -9672 + 9693. What is the greatest common divisor of q and 40761?
21
Suppose 22*w - 25*w + 99 = 0. Suppose -2*i + 56 = -2*f, 0 = i + 5*f + 3 - 13. Suppose -7*c + 129 = -i. Calculate the greatest common factor of c and w.
11
Let k(d) = 6*d**2 + 106*d + 1066. Let t be k(-12). Calculate the highest common factor of 28 and t.
14
Let b = -10 + 18. Let d be b/(-2)*(-6 + 2 + 5). Let g be 0 + d/(-6)*(-825)/(-22). What is the highest common divisor of 10 and g?
5
Let s = -401 - -411. Let n be 546/s - (6 + 352/(-55)). What is the highest common divisor of n and 22?
11
Let x(o) = o**2 - 8*o - 66. Let p(g) = -7*g + 9. Let k be p(-2). Let a be x(k). What is the greatest common factor of 62 and a?
31
Let t = 17329 - 17308. Calculate the greatest common divisor of 1869 and t.
21
Suppose -20 = -4*t - 5*s, t + 6 - 24 = 2*s. Let k(j) = 51*j**2 - 5*j - 6. Let p be k(-1). Calculate the greatest common divisor of t and p.
10
Let i(p) = 21*p**2 - 196*p - 22. Let h be i(18). What is the highest common divisor of 4 and h?
2
Suppose 25*a = 47*a - 572. Let b = -24 + 28. Suppose 2*n - b = 2*l - 184, -l + 4*n = -87. What is the highest common divisor of a and l?
13
Let j(i) = 5*i + 22. Let b = -114 - -111. Let y be j(b). Calculate the greatest common factor of 63 and y.
7
Let q be 128/24*-3*(-413)/14. Suppose 36 + 84 = 5*r. What 